{"id":2967,"date":"2016-05-31T11:22:35","date_gmt":"2016-05-31T09:22:35","guid":{"rendered":"http:\/\/53231327.swh.strato-hosting.eu\/niedziella-foto\/?page_id=2967"},"modified":"2017-07-04T11:34:46","modified_gmt":"2017-07-04T09:34:46","slug":"ausstellung","status":"publish","type":"page","link":"https:\/\/www.holzatelier.de\/mobile\/ausstellung\/","title":{"rendered":"Ausstellung"},"content":{"rendered":"<p>Sie suchen eine neue Einbauschrankl\u00f6sung, oder einen Esstisch, ein Bett, eine neue K\u00fcche, mit Funktionen, die auf Ihre Anforderungen abgestimmt sind.<br \/>\nSie tr\u00e4umen von einem ganz besonderen Unikat \u2013 hier wird Ihr neues Lieblingsst\u00fcck gefertigt. Am Ende steht ein individuelles Produkt, mit Ihnen zusammen entwickelt, das Ihren Gestaltungsvorstellungen und Ihrer Pers\u00f6nlichkeit entspricht.<br \/>\nDie gesamte Strecke, von der Beratung \u00fcber die Planung, von der Fertigung bis zur Lieferung und zum Einbau begleiten ich Sie und Ihr Projekt.<br \/>\nMehr zu sehen gibt es in meinem Ausstellungsraum in der Eifflerstra\u00dfe 1.<br \/>\nDa ich keine festen \u00d6ffnungszeiten habe \u2013 vereinbaren Sie bitte einen Termin<\/p>\n<p><a href=\"mailto:groenewold@holzatelier.de\"><img loading=\"lazy\" decoding=\"async\" class=\"wp-image-3102 size-full alignleft\" src=\"https:\/\/www.holzatelier.de\/mobile\/wp-content\/uploads\/sites\/2\/2016\/05\/Brief-e1481615198743.png\" width=\"40\" height=\"26\" \/><\/a><\/p>\n<p>&nbsp;<\/p>\n<p>&nbsp;<\/p>\n<h3><strong>Tisch Kirschbaum<\/strong><\/h3>\n<p><img loading=\"lazy\" decoding=\"async\" class=\"aligncenter size-full wp-image-3097\" src=\"https:\/\/www.holzatelier.de\/mobile\/wp-content\/uploads\/sites\/2\/2016\/05\/Tisch-Kirschbaum-e1481206131702.jpg\" alt=\"tisch-kirschbaum\" width=\"480\" height=\"686\" srcset=\"https:\/\/www.holzatelier.de\/mobile\/wp-content\/uploads\/sites\/2\/2016\/05\/Tisch-Kirschbaum-e1481206131702.jpg 480w, https:\/\/www.holzatelier.de\/mobile\/wp-content\/uploads\/sites\/2\/2016\/05\/Tisch-Kirschbaum-e1481206131702-210x300.jpg 210w\" sizes=\"(max-width: 480px) 100vw, 480px\" \/><\/p>\n<p>&nbsp;<\/p>\n<h3><strong>Tisch Nussbaum Stahlwange<\/strong><\/h3>\n<p><img loading=\"lazy\" decoding=\"async\" class=\"size-full wp-image-3030\" src=\"https:\/\/www.holzatelier.de\/mobile\/wp-content\/uploads\/sites\/2\/2016\/10\/Tisch-Nussbaum-Stahlwangen-e1481206339624.jpg\" alt=\"Tisch Nussbaum Stahlwangen\" width=\"480\" height=\"652\" srcset=\"https:\/\/www.holzatelier.de\/mobile\/wp-content\/uploads\/sites\/2\/2016\/10\/Tisch-Nussbaum-Stahlwangen-e1481206339624.jpg 480w, https:\/\/www.holzatelier.de\/mobile\/wp-content\/uploads\/sites\/2\/2016\/10\/Tisch-Nussbaum-Stahlwangen-e1481206339624-221x300.jpg 221w\" sizes=\"(max-width: 480px) 100vw, 480px\" \/><\/p>\n<p>&nbsp;<\/p>\n<h3><strong>K\u00fcche Buche\/Schiefer<\/strong><\/h3>\n<p><img loading=\"lazy\" decoding=\"async\" class=\"size-full wp-image-3031\" src=\"https:\/\/www.holzatelier.de\/mobile\/wp-content\/uploads\/sites\/2\/2016\/10\/Kueche-Buche-total.jpg\" alt=\"K\u00fcche Buche\" width=\"480\" height=\"640\" srcset=\"https:\/\/www.holzatelier.de\/mobile\/wp-content\/uploads\/sites\/2\/2016\/10\/Kueche-Buche-total.jpg 480w, https:\/\/www.holzatelier.de\/mobile\/wp-content\/uploads\/sites\/2\/2016\/10\/Kueche-Buche-total-225x300.jpg 225w\" sizes=\"(max-width: 480px) 100vw, 480px\" \/><\/p>\n<p>&nbsp;<\/p>\n<p>&nbsp;<\/p>\n<h3><strong>Stehtisch mit Hocker<\/strong><\/h3>\n<p><img loading=\"lazy\" decoding=\"async\" class=\"size-full wp-image-3029\" src=\"https:\/\/www.holzatelier.de\/mobile\/wp-content\/uploads\/sites\/2\/2016\/10\/Stehtisch-und-Hocker-Eiche-total.png\" alt=\"Stehtisch mit Hocker in Eiche\" width=\"427\" height=\"640\" srcset=\"https:\/\/www.holzatelier.de\/mobile\/wp-content\/uploads\/sites\/2\/2016\/10\/Stehtisch-und-Hocker-Eiche-total.png 427w, https:\/\/www.holzatelier.de\/mobile\/wp-content\/uploads\/sites\/2\/2016\/10\/Stehtisch-und-Hocker-Eiche-total-200x300.png 200w\" sizes=\"(max-width: 427px) 100vw, 427px\" \/><\/p>\n<p>&nbsp;<\/p>\n<p>&nbsp;<\/p>\n","protected":false},"excerpt":{"rendered":"<p>Sie suchen eine neue Einbauschrankl\u00f6sung, oder einen Esstisch, ein Bett, eine neue K\u00fcche, mit Funktionen, die auf Ihre Anforderungen abgestimmt sind. Sie tr\u00e4umen von einem ganz besonderen Unikat \u2013 hier wird Ihr neues Lieblingsst\u00fcck gefertigt. Am Ende steht ein individuelles Produkt, mit Ihnen zusammen entwickelt, das Ihren Gestaltungsvorstellungen und Ihrer Pers\u00f6nlichkeit entspricht. Die gesamte Strecke, [&hellip;]<\/p>\n","protected":false},"author":1,"featured_media":0,"parent":0,"menu_order":0,"comment_status":"closed","ping_status":"closed","template":"","meta":{"footnotes":""},"yoast_head":"<!-- This site is optimized with the Yoast SEO plugin v19.11 - https:\/\/yoast.com\/wordpress\/plugins\/seo\/ -->\n<title>Ausstellung - Holzaterlier Charlotte Groenewold<\/title>\n<meta name=\"robots\" content=\"index, follow, max-snippet:-1, max-image-preview:large, max-video-preview:-1\" \/>\n<link rel=\"canonical\" href=\"https:\/\/www.holzatelier.de\/mobile\/ausstellung\/\" \/>\n<meta property=\"og:locale\" content=\"de_DE\" \/>\n<meta property=\"og:type\" content=\"article\" \/>\n<meta property=\"og:title\" content=\"Ausstellung - Holzaterlier Charlotte Groenewold\" \/>\n<meta property=\"og:description\" content=\"Sie suchen eine neue Einbauschrankl\u00f6sung, oder einen Esstisch, ein Bett, eine neue K\u00fcche, mit Funktionen, die auf Ihre Anforderungen abgestimmt sind. Sie tr\u00e4umen von einem ganz besonderen Unikat \u2013 hier wird Ihr neues Lieblingsst\u00fcck gefertigt. Am Ende steht ein individuelles Produkt, mit Ihnen zusammen entwickelt, das Ihren Gestaltungsvorstellungen und Ihrer Pers\u00f6nlichkeit entspricht. Die gesamte Strecke, [&hellip;]\" \/>\n<meta property=\"og:url\" content=\"https:\/\/www.holzatelier.de\/mobile\/ausstellung\/\" \/>\n<meta property=\"og:site_name\" content=\"Holzaterlier Charlotte Groenewold\" \/>\n<meta property=\"article:modified_time\" content=\"2017-07-04T09:34:46+00:00\" \/>\n<meta property=\"og:image\" content=\"https:\/\/www.holzatelier.de\/mobile\/wp-content\/uploads\/sites\/2\/2016\/05\/Brief-e1481615198743.png\" \/>\n<meta name=\"twitter:card\" content=\"summary_large_image\" \/>\n<meta name=\"twitter:label1\" content=\"Gesch\u00e4tzte Lesezeit\" \/>\n\t<meta name=\"twitter:data1\" content=\"1\u00a0Minute\" \/>\n<script type=\"application\/ld+json\" class=\"yoast-schema-graph\">{\"@context\":\"https:\/\/schema.org\",\"@graph\":[{\"@type\":\"WebPage\",\"@id\":\"https:\/\/www.holzatelier.de\/mobile\/ausstellung\/\",\"url\":\"https:\/\/www.holzatelier.de\/mobile\/ausstellung\/\",\"name\":\"Ausstellung - Holzaterlier Charlotte Groenewold\",\"isPartOf\":{\"@id\":\"https:\/\/www.holzatelier.de\/mobile\/#website\"},\"datePublished\":\"2016-05-31T09:22:35+00:00\",\"dateModified\":\"2017-07-04T09:34:46+00:00\",\"breadcrumb\":{\"@id\":\"https:\/\/www.holzatelier.de\/mobile\/ausstellung\/#breadcrumb\"},\"inLanguage\":\"de\",\"potentialAction\":[{\"@type\":\"ReadAction\",\"target\":[\"https:\/\/www.holzatelier.de\/mobile\/ausstellung\/\"]}]},{\"@type\":\"BreadcrumbList\",\"@id\":\"https:\/\/www.holzatelier.de\/mobile\/ausstellung\/#breadcrumb\",\"itemListElement\":[{\"@type\":\"ListItem\",\"position\":1,\"name\":\"Startseite\",\"item\":\"https:\/\/www.holzatelier.de\/mobile\/\"},{\"@type\":\"ListItem\",\"position\":2,\"name\":\"Ausstellung\"}]},{\"@type\":\"WebSite\",\"@id\":\"https:\/\/www.holzatelier.de\/mobile\/#website\",\"url\":\"https:\/\/www.holzatelier.de\/mobile\/\",\"name\":\"Holzaterlier Charlotte Groenewold\",\"description\":\"Eine weitere Holzatelier Charlotte Groenewold GmbH Websites Website\",\"potentialAction\":[{\"@type\":\"SearchAction\",\"target\":{\"@type\":\"EntryPoint\",\"urlTemplate\":\"https:\/\/www.holzatelier.de\/mobile\/?s={search_term_string}\"},\"query-input\":\"required name=search_term_string\"}],\"inLanguage\":\"de\"}]}<\/script>\n<!-- \/ Yoast SEO plugin. -->","yoast_head_json":{"title":"Ausstellung - Holzaterlier Charlotte Groenewold","robots":{"index":"index","follow":"follow","max-snippet":"max-snippet:-1","max-image-preview":"max-image-preview:large","max-video-preview":"max-video-preview:-1"},"canonical":"https:\/\/www.holzatelier.de\/mobile\/ausstellung\/","og_locale":"de_DE","og_type":"article","og_title":"Ausstellung - Holzaterlier Charlotte Groenewold","og_description":"Sie suchen eine neue Einbauschrankl\u00f6sung, oder einen Esstisch, ein Bett, eine neue K\u00fcche, mit Funktionen, die auf Ihre Anforderungen abgestimmt sind. Sie tr\u00e4umen von einem ganz besonderen Unikat \u2013 hier wird Ihr neues Lieblingsst\u00fcck gefertigt. Am Ende steht ein individuelles Produkt, mit Ihnen zusammen entwickelt, das Ihren Gestaltungsvorstellungen und Ihrer Pers\u00f6nlichkeit entspricht. Die gesamte Strecke, [&hellip;]","og_url":"https:\/\/www.holzatelier.de\/mobile\/ausstellung\/","og_site_name":"Holzaterlier Charlotte Groenewold","article_modified_time":"2017-07-04T09:34:46+00:00","og_image":[{"url":"https:\/\/www.holzatelier.de\/mobile\/wp-content\/uploads\/sites\/2\/2016\/05\/Brief-e1481615198743.png"}],"twitter_card":"summary_large_image","twitter_misc":{"Gesch\u00e4tzte Lesezeit":"1\u00a0Minute"},"schema":{"@context":"https:\/\/schema.org","@graph":[{"@type":"WebPage","@id":"https:\/\/www.holzatelier.de\/mobile\/ausstellung\/","url":"https:\/\/www.holzatelier.de\/mobile\/ausstellung\/","name":"Ausstellung - Holzaterlier Charlotte Groenewold","isPartOf":{"@id":"https:\/\/www.holzatelier.de\/mobile\/#website"},"datePublished":"2016-05-31T09:22:35+00:00","dateModified":"2017-07-04T09:34:46+00:00","breadcrumb":{"@id":"https:\/\/www.holzatelier.de\/mobile\/ausstellung\/#breadcrumb"},"inLanguage":"de","potentialAction":[{"@type":"ReadAction","target":["https:\/\/www.holzatelier.de\/mobile\/ausstellung\/"]}]},{"@type":"BreadcrumbList","@id":"https:\/\/www.holzatelier.de\/mobile\/ausstellung\/#breadcrumb","itemListElement":[{"@type":"ListItem","position":1,"name":"Startseite","item":"https:\/\/www.holzatelier.de\/mobile\/"},{"@type":"ListItem","position":2,"name":"Ausstellung"}]},{"@type":"WebSite","@id":"https:\/\/www.holzatelier.de\/mobile\/#website","url":"https:\/\/www.holzatelier.de\/mobile\/","name":"Holzaterlier Charlotte Groenewold","description":"Eine weitere Holzatelier Charlotte Groenewold GmbH Websites Website","potentialAction":[{"@type":"SearchAction","target":{"@type":"EntryPoint","urlTemplate":"https:\/\/www.holzatelier.de\/mobile\/?s={search_term_string}"},"query-input":"required name=search_term_string"}],"inLanguage":"de"}]}},"_links":{"self":[{"href":"https:\/\/www.holzatelier.de\/mobile\/wp-json\/wp\/v2\/pages\/2967"}],"collection":[{"href":"https:\/\/www.holzatelier.de\/mobile\/wp-json\/wp\/v2\/pages"}],"about":[{"href":"https:\/\/www.holzatelier.de\/mobile\/wp-json\/wp\/v2\/types\/page"}],"author":[{"embeddable":true,"href":"https:\/\/www.holzatelier.de\/mobile\/wp-json\/wp\/v2\/users\/1"}],"replies":[{"embeddable":true,"href":"https:\/\/www.holzatelier.de\/mobile\/wp-json\/wp\/v2\/comments?post=2967"}],"version-history":[{"count":2,"href":"https:\/\/www.holzatelier.de\/mobile\/wp-json\/wp\/v2\/pages\/2967\/revisions"}],"predecessor-version":[{"id":3133,"href":"https:\/\/www.holzatelier.de\/mobile\/wp-json\/wp\/v2\/pages\/2967\/revisions\/3133"}],"wp:attachment":[{"href":"https:\/\/www.holzatelier.de\/mobile\/wp-json\/wp\/v2\/media?parent=2967"}],"curies":[{"name":"wp","href":"https:\/\/api.w.org\/{rel}","templated":true}]}}